c + 4. Suppose -r - c*v = 4 + 4, -5*r + 4 = 4*v. Suppose 0*t = -t + 1, -54 = -r*y + 2*t. What is the units digit of y?
4
Let l(f) = -3*f + 26. Let p(n) = 6*n - 53. Let w(x) = 9*l(x) + 4*p(x). What is the units digit of w(-14)?
4
Let v = 27 + -35. What is the tens digit of (3 + 76/v)/((-2)/24)?
7
Let r(z) = -z**3 + z**2 - z - 1. Let k(y) = y**3 - 4*y**2 - 9. Let l(b) = k(b) - r(b). What is the units digit of l(4)?
4
Suppose 2292 = 13*t - 10149. What is the hundreds digit of t?
9
Suppose -4*h = -y - 4, -4*y = -2*h + 3*h - 1. Suppose 2*n = -3*x + 84, -5*n = -2*x - y*n + 56. What is the units digit of x?
8
Suppose -27 + 3 = -8*u. Suppose -u*s + 22 + 158 = 0. What is the units digit of s?
0
What is the hundreds digit of 27/9 + -7 + 2558?
5
Let a(x) = 9*x**3 + 2*x**2 + 2. Let w be a(2). Suppose 5*d = i - 0*d - w, 0 = -2*i + d + 200. What is the tens digit of 4680/i + (-2)/(-17)?
4
Suppose -14*p = -5*p - 315. Let o = p - -3. What is the units digit of o?
8
Let o = 8 + -3. Let k be 32/6 - (-2)/(-6). Suppose j + 4*d = 49, 99 + 46 = k*j - o*d. What is the tens digit of j?
3
Let c(i) = 38*i + 2. Let p be c(-1). Let b(z) = -z - 2. Let x be b(7). Let q = x - p. What is the tens digit of q?
2
Suppose 6245 = 5*n + o, 0 = -n - 0*o - o + 1253. What is the units digit of n?
8
Let p be ((-3)/9)/(2/(-102)). Suppose -10*n + 15 = -5*n. Suppose -n*x + 15 = -5*k, -k - p = x - 3*x. What is the units digit of x?
0
Let j(i) be the first derivative of i**2/2 - 2*i + 2. Let t be j(7). Suppose 5*x - 4*o - 6 = 10, -o + t = x. What is the units digit of x?
4
Let y be ((-10)/15 + -4)/(4/186). Let c = y - -393. What is the hundreds digit of c?
1
Let o = 1703 + -1026. What is the tens digit of o?
7
What is the thousands digit of 8/(-84) + 51/(-126)*-3926?
1
Let i(y) = y**2 - 3*y + 5. Let d be i(5). Suppose -3*k + 0*k = d, 3*a = -4*k + 169. Suppose 5*g - 69 = p + 3*p, 5*g = -2*p + a. What is the units digit of g?
3
Let r = 168 - -157. What is the units digit of r?
5
Let q(o) = -38*o + 244. What is the units digit of q(-17)?
0
Let z(s) = 81 + 1 - s + 0. What is the tens digit of z(0)?
8
Let n(k) = -k**2 - 3*k. Let h be n(-2). Suppose -u - h*u = -36. Suppose -m + u = m. What is the units digit of m?
6
Let j = -92 - -144. What is the tens digit of j?
5
Let r be (2/(-4))/(4/(-16)). Let f be 3*(280/(-12))/(-5). What is the units digit of 245/f - 1/r?
7
Let t = 5 - -1123. What is the thousands digit of t?
1
Let n be 15/(-40)*-4*4. Suppose 0 = 2*c + 26 - n. Let v = 5 - c. What is the units digit of v?
5
Let r(f) = f**3 + 8*f**2 - f + 10. Let t be r(-8). Suppose -2*m + 3*g + t = 0, -3*m + 27 = -0*g + 2*g. What is the units digit of 7/m - (-10)/45?
1
Let o(r) = 7*r**2 - 7*r - 82. What is the tens digit of o(-10)?
8
Let f(k) = 46*k**3 + k**2 - k + 8. What is the units digit of f(4)?
4
Let d = -959 + 2377. What is the tens digit of d?
1
Let a = 415 - 430. Let i = -52 - -30. Let y = a - i. What is the units digit of y?
7
Suppose -10 = -m - 3*z + 47, -5*m + 5*z + 205 = 0. What is the tens digit of m?
4
Let p(l) = -l - 15. Let m be p(-6). Let c = m - -141. What is the units digit of c?
2
Let p = 3 - 89. Let g = 37 - 165. Let k = p - g. What is the tens digit of k?
4
Suppose -b + 2755 = 4*j + 442, -4*j = -5*b + 11685. What is the thousands digit of b?
2
Let m = -2536 - -4715. What is the hundreds digit of m?
1
Suppose 7*d - 6*d - 4*x - 162 = 0, -3*d - 2*x + 514 = 0. What is the tens digit of d?
7
Let b = 1281 - 747. What is the tens digit of b?
3
Suppose -4*b - 5*o + 38 = 0, 13*b + o - 46 = 9*b. Suppose 0 = 2*s + s + 27. What is the tens digit of (-123)/b*(s - -5)?
4
Let r(o) = o**3 - 10*o**2 - 8*o + 3. Let s be r(11). Suppose -4*n + 4*f - 272 = 0, -n - 31 - s = -2*f. What is the units digit of n*(-2 - 5/(-3))?
3
Let g(v) = -v**2 - 6*v + 7. Let c be g(-6). Suppose 0 = -c*z + 1915 - 816. What is the tens digit of z?
5
Let w(s) = s**3 - 3*s**2 - 4*s. Let r be w(4). Suppose 4*v + 4*z = 144, -5*z + 2 + 13 = r. Suppose -2*i = -i - v. What is the units digit of i?
3
Let u(d) = 7*d**2 - 4*d**2 - d + d**2. Let w be u(1). Suppose 2*o + 14 = w*o. What is the tens digit of o?
1
Let o = 127 + -64. Let g(b) = -b**2 - 6*b + 11. Let c be g(-7). Suppose -4*y = -4*r - 64, 2*r + o = c*y - 3*r. What is the tens digit of y?
1
Let i = 209 + 473. What is the hundreds digit of i?
6
Suppose 5*n + 4*j - 2826 = 0, -8*j + 7*j = n - 566. What is the tens digit of n?
6
Let p(a) = -a**3 + 10*a**2 + 12*a - 7. Let o be p(11). Let h(k) = 6*k**2 - 2*k + 11. What is the units digit of h(o)?
9
What is the hundreds digit of (1/1)/1*253?
2
Suppose 5*h = -t + 250, 21 - 85 = -h - 3*t. Suppose -p = -40 - h. What is the tens digit of p?
8
Suppose 2*i = 3*i - 3. Suppose i*w = w + 316. What is the tens digit of w?
5
Let v(b) = -b**3 + 32*b**2 + 41*b + 29. What is the units digit of v(23)?
3
Let c(t) = t**2 + 12*t + 12. Let j be c(-8). What is the tens digit of (-5)/(j/244)*1?
6
Let t(h) = 10*h + 264. What is the hundreds digit of t(46)?
7
Let f = 37 - 47. What is the hundreds digit of f/((1 + 1)/(-34))?
1
Let j = 2689 - 1369. What is the thousands digit of j?
1
Suppose 0 = -i - 80*b + 79*b + 2802, 4*i - 4*b = 11216. What is the thousands digit of i?
2
Suppose 32*p - 381 = 31*p - 5*c, -5*p = -3*c - 1765. What is the hundreds digit of p?
3
Let l(m) = 360*m. Let g be l(1). Suppose -h = 5*o - 161, 0 = 4*h + o - g - 227. What is the hundreds digit of h?
1
Let u be (0 - 1/2)*-4. Suppose 0 = -2*d + 3 - 5, u*s - 5*d + 77 = 0. Let c = -23 - s. What is the tens digit of c?
1
Let x(l) = -l**3. Let s(f) = 114*f**3 + 5*f**2 - 4*f. Let p(c) = s(c) + 2*x(c). What is the hundreds digit of p(1)?
1
Let v be (1/(-3))/((-2)/(-102)). Let u(m) = m**3 + 18*m**2 + 12*m - 24. What is the units digit of u(v)?
1
Suppose 24 = 4*b - 3*r, 4*r = b - 4*b - 7. Suppose -l = -b + 32. What is the units digit of (5 - 2) + (-9 - l)?
3
Suppose -p = 2*f - 3 - 0, p + 17 = 3*f. Let q(l) = 2*l + 25. Let k be q(-11). Suppose -k*a = 5*d - 16, 2 = -a + 6*a - f*d. What is the units digit of a?
2
Let y be (45/(-12))/(2/(-8)). Let w = y - 13. Suppose 47 = -u + w*u - 3*x, x = 5*u - 291. What is the tens digit of u?
5
Let m be (-19)/(-57) - (-34)/6. Suppose -n - n = 2*f - m, 4*f - 12 = -3*n. What is the units digit of (-1 - 0) + f + 71?
3
Suppose -3*y + 2*r + 9036 = 0, 3*r - 12844 = -6*y + 5228. What is the tens digit of y?
1
Let q = 115 + -100. Suppose q = 5*y - c, 2*c + 8 = 3*y - 8. What is the units digit of y?
2
Let n(o) = o + 5. Let x be n(0). Let l(p) = -p**3 + 5*p**2 + 6. Let c be l(x). Suppose -180 = g - c*g. What is the units digit of g?
6
Let v(i) = 13*i**3 + i**2 - 2*i - 2. Let d be v(-2). Let u = -13 - d. What is the tens digit of u?
8
Suppose 2*u - 2*v - 6053 = -13, 0 = 2*v - 2. What is the thousands digit of u?
3
Let q(b) = -b**2 - 9*b - 13. Let d be q(-7). What is the units digit of 50 + -12 - 4*d?
4
Suppose 3*c = 173 - 56. Let r = c - 2. Suppose r + 92 = 3*f. What is the units digit of f?
3
What is the thousands digit of (-259)/(-74)*5/(10/1396)?
2
What is the units digit of ((180/(-25))/6)/((-6)/19130)?
6
Let l = 6300 - 1987. What is the hundreds digit of l?
3
Suppose -5*z - 5*c + 30 = 0, -c + 15 = 5*z + c. What is the tens digit of (105/(-12) + z)/(3/(-108))?
7
Suppose 47 = -5*z + 4*p, 4*z - 4*p = z - 25. Suppose -2*m = m - 66. Let i = m + z. What is the tens digit of i?
1
Let y be (86 - (-3 + 6)) + -3. Let g = 48 + -83. Let t = g + y. What is the units digit of t?
5
Suppose -11*l + 108 = -332. What is the tens digit of (l/(-100))/(1/(-120))?
4
Let x(p) = -41*p + 2. Let u be x(-3). Suppose -3*d = -121 - u. What is the units digit of d?
2
Suppose -h = -2 - 0. Let t be 0 + h + -1 + 4. Suppose z = -c + 2*z + 13, -t*z + 63 = 3*c. What is the tens digit of c?
1
Let g(s) = -7*s**3 - 2*s**2 + 6*s + 2. What is the units digit of g(-4)?
4
Let k(a) = -49*a + 4. Let h be k(-2). Let s = h - 56. What is the units digit of s?
6
Suppose -15*r + 9194 = 2774. What is the hundreds digit of r?
4
Suppose 11*f - 147 = 4*f. Let z = f + 123. What is the hundreds digit of z?
1
Let f = -67 + 1120. What is the hundreds digit of f?
0
Suppose o + 2*o + 1 = -5*n, 4*n - 4 = -4*o. Suppose -4*r - 35 = -5*y + 6, o*y = -4*r - 65. What is the tens digit of (r/(-8))/(3/48)?
2
Suppose 9*c - 11 = 16. 